- 3*n = 24. Let k = 3 - -3. What is the units digit of (j + -1)*(-3)/k?
5
Let f(u) = -53*u**3 + 15*u**2 - 9*u + 2. Let n(k) = -27*k**3 + 7*k**2 - 4*k + 1. Let g(d) = -6*f(d) + 13*n(d). What is the units digit of g(-1)?
3
Let t(h) = 2*h**2 - 24*h - 1. What is the hundreds digit of t(20)?
3
Let o(r) = r - 4. Suppose 2*a - 15 = -m, -2*a = 2*m - 11 - 9. What is the units digit of o(m)?
1
Let k be (1/(-2))/((-2)/44). Suppose -3*t + 0*x - 4*x + 14 = 0, 0 = -2*t - x + k. Let u = 18 - t. What is the tens digit of u?
1
Suppose 7*t - 2*t - 295 = 0. Suppose -23 = 2*p - t. What is the units digit of p?
8
Let w(b) be the second derivative of -b**3/6 + 6*b**2 + 3*b. What is the units digit of w(-12)?
4
Suppose -2*h + 13 = 3*w, -w = 3*h + 2*h + 13. What is the units digit of w?
7
Let r be 1 - 2 - 8/(-2). Suppose r*o + 34 = -4*v + 127, 4*v + 5*o - 99 = 0. Suppose 0 = -3*u + 6 + v. What is the units digit of u?
9
Suppose 0 = 5*y - 42 - 3. Suppose -6 = -z + y. What is the tens digit of z?
1
What is the units digit of (12/9)/((-8)/(-492))?
2
Let n(j) = -27*j - 2. Let p be n(-3). Suppose 2*z - 3*h = 7*z - 69, 5*z - 2*h - p = 0. What is the units digit of z?
5
What is the units digit of (21/(-6))/(4/(-8))?
7
What is the tens digit of 3 + (-1 - 1) - -231?
3
Let u = 3 + 0. Suppose -4*k - 2*w = -64, -u*w = 4*k - 0*w - 64. Let l = 1 + k. What is the units digit of l?
7
Let v(a) = -2*a**2 + a + 2. Let q(z) = -z**2 + 7*z + 2. Let d be q(7). Let u be v(d). Let c(h) = -h**2 - 7*h - 3. What is the units digit of c(u)?
9
Let q(j) = 2*j**2 + 4*j + 18. Let c be q(-4). Let y(l) = -14*l**3 - l**2 + 2*l - 1. Let v be y(1). Let h = v + c. What is the tens digit of h?
2
Suppose -4*g = -3 - 17. Let j(x) = x**3 - 3*x**2 - 7*x + 6. Let d be j(g). Let m = d + -9. What is the tens digit of m?
1
Let s = -16 - -22. Let o(t) = 0*t + 3*t + 0 - 8. What is the tens digit of o(s)?
1
Suppose -w - 8 = -5*w. Let h(u) = 2 - 1 + 4*u - u**2 + 4*u**2 - 4*u**2. What is the units digit of h(w)?
5
Let h be (4 - 7) + 1*3. Let f(r) = 0*r**2 + 2*r**2 + 2 + 3*r + h*r + r. What is the units digit of f(-3)?
8
Suppose -5 = 3*r - 35. What is the units digit of r?
0
Let o(j) = -j**3 + 7*j**2 - j + 6. Let c be o(7). What is the units digit of (4 - c)*6/2?
5
Let z be (-8)/(-12) + (-2)/(-6). What is the tens digit of -2 + z - (-3 + -24)?
2
Let v be (-43)/9 - 4/18. Let q = v - -23. What is the tens digit of q?
1
Let y(w) = -w - 3 - 12*w**3 + 6 - 3 - 1 - w**2. Suppose 3 = -k + 2. What is the units digit of y(k)?
1
Let l(z) = -z**3 + 11*z**2 - 11*z + 15. Let s be l(10). Suppose -y - 4*n = -n - 27, 5*y - 175 = s*n. What is the tens digit of y?
3
What is the units digit of 0 + 0 + (-27)/(-9)?
3
Suppose v - c = -1, -c + 4 = -2*v + 4*v. What is the units digit of (v + -2)/((-14)/238)?
7
Let j = -1 + 7. Let b = 10 - j. What is the units digit of b?
4
Suppose 3*n + 10 = 2*n. What is the units digit of (-86)/n - (-4)/10?
9
Let a be (-3)/(((-15)/4)/5). Suppose 0 = -2*t + a*m - 11 + 87, 110 = 3*t - 4*m. What is the units digit of t?
4
Let q be (-6)/9*(-4 - -1). Suppose 0*h + 40 = q*h. Suppose -u - h = -2*u. What is the units digit of u?
0
Suppose 6 = 2*l, -3*l = 5*t + 2*l - 30. Suppose -2*m = -0*m. Suppose -2*q + t*c - 3 = m, -2*q + 17 = 4*c - 1. What is the units digit of q?
3
Let a be (-1)/(-3 - 8/(-3)). Suppose -2*j + 63 = a*o - 5*j, j = 0. What is the units digit of o?
1
Let g(u) = -9*u**3 - 4*u - 3. What is the tens digit of g(-2)?
7
Let i(n) = -n**3 + 5*n**2 + 7*n - 1. Let y be i(6). Suppose -14 - 6 = -y*f - 5*s, -2 = -5*f + s. What is the units digit of f?
1
Let b = -25 + 36. Let l = b + 2. What is the units digit of l?
3
Let c(y) = y + 15. What is the tens digit of c(0)?
1
Let n be (-4)/(-16) - 7/(-4). Let i = 0 + n. Suppose -k = -5 - i. What is the units digit of k?
7
Suppose 5 = -4*a + 93. Suppose 0 = 4*u - 3*w, -2*u - 2*w = 2*w - a. What is the units digit of (-140)/(-15) + (-1)/u?
9
Let g(m) = m**2 + 5*m - 5. What is the units digit of g(-6)?
1
Let u be 35/10*(-4)/(-7). Suppose 0 = -u*y - y + 30. What is the tens digit of y?
1
Let o = 73 + -36. Let z = -14 + o. What is the units digit of z?
3
Suppose -7*r + 5*r - 6 = 0. What is the units digit of 11 - (4 + -3)*r?
4
Let m(u) = 1. Let h(f) = -f + 8. Let d(t) = h(t) + 3*m(t). Suppose -4*i + 20 = -12. What is the units digit of d(i)?
3
Let l be (12/(-4))/((-6)/(-4)). What is the units digit of (-141)/(-27) - l/(-9)?
5
Suppose -a + 4*a + 5*p + 14 = 0, -3*a - p = -2. Suppose 2 = 2*s - a. Suppose -3*r - s*r = -30. What is the units digit of r?
6
Let y(p) be the second derivative of -p**3/3 + 3*p**2 + 4*p. What is the tens digit of y(-3)?
1
Suppose 0*r - 6 = -3*x - 2*r, -4*x - 4*r + 12 = 0. Suppose -2*n - n + 48 = x. What is the units digit of n?
6
Suppose p - 17 = -7. Let r = p - 26. Let g = 2 - r. What is the units digit of g?
8
Suppose -k + 1 = -2*j, -3*j + 2*j + 4 = -5*k. Let c be (-19)/(-4) - j/4. Suppose c*n - y - 3*y = 65, 2*y + 28 = 2*n. What is the units digit of n?
9
Suppose -3*j - 5*s - 131 = 0, j - 4*s + 206 = -4*j. What is the units digit of 6/10 + j/(-5)?
9
Let h = -7 - -10. What is the tens digit of h/(1 - 69/78)?
2
Let v = 11 + -6. Suppose 0*j = 4*r + v*j + 11, -9 = 3*j. What is the units digit of r?
1
Suppose 0 = 2*n - 0*n + 2. Let s be ((-6)/4)/(n/(-2)). Let d = 0 - s. What is the units digit of d?
3
Suppose 0*x + x + 21 = 2*p, 0 = 5*p + 5*x - 30. What is the units digit of p?
9
Let b be (-7)/3 + (-7)/(-21). Let l be (-6)/3 - 1*b. Suppose l = 4*t - 3*t - 5. What is the units digit of t?
5
Let b = -14 + 26. Let f = b + -5. What is the units digit of f?
7
Let p(c) = -12*c - 5. What is the tens digit of p(-3)?
3
Suppose 2*v + 0*v = 122. What is the tens digit of v?
6
Let u(x) be the second derivative of -x**5/20 + 3*x**4/4 - 4*x**3/3 + 7*x**2/2 - 2*x. What is the units digit of u(8)?
7
Let k = 26 - 11. What is the tens digit of k?
1
Suppose -2*b = 2*b + 16. What is the units digit of (5 - 3)*(-10)/b?
5
What is the tens digit of ((-25)/1 + 2)/(-1)?
2
Let q be 2/(-3) - 39/9. Let r be (-7 + 16)/((-1)/q). Let b = r + -27. What is the units digit of b?
8
Let t(b) = -38*b - 9. What is the tens digit of t(-3)?
0
What is the units digit of 3 + 113 + 4 - -4?
4
Let i(t) = 55*t**2 - 7*t - 8. What is the hundreds digit of i(-2)?
2
Suppose a - 40 = 5*j - 0*j, 5*a - 4*j - 137 = 0. Let d be (-2)/(-6) + a/15. Let y(c) = 5*c - 2. What is the units digit of y(d)?
8
Suppose -5*i = -5*a + 855, 5*a - 163 = 4*a - i. What is the units digit of a?
7
Suppose -4*k + 2*y = 3*y - 1837, -3*y = -5*k + 2309. What is the tens digit of k/36 - (-6)/27?
1
Suppose 4*s + 5*f - 150 = 0, 8*s - 3*s - 2*f - 204 = 0. Let g(r) = -6*r - 1. Let q be g(-5). Let b = s - q. What is the units digit of b?
1
Suppose 0 = -5*u - 10 - 65. Let a = 27 + u. Let m = -2 + a. What is the tens digit of m?
1
Let p(k) = -k**2 - k - 1. Let g be p(0). Let q be -1 + (-3 - g) + 7. Suppose -4*w + 4*z = w - 68, q*z - 28 = -w. What is the tens digit of w?
1
Let w = 47 + -102. Let p = w + 29. Let g = -16 - p. What is the tens digit of g?
1
Let s(r) = r**2 - 2*r - 2. Let l be s(0). What is the units digit of (l/2 - -8)*1?
7
What is the tens digit of 12/2 + -2 + 46?
5
Let d = -10 - -11. What is the tens digit of (-3 + (-6 - d))/(-1)?
1
Let m = -193 - -319. What is the tens digit of m?
2
Let i = -2 + 0. Let o(k) = -8*k - 1. What is the units digit of o(i)?
5
Let l = -4 - -8. Let t(x) = x**3 - 3*x**2 - 3*x - 2. Let c be t(l). Suppose 5*r = -v - 24, -2*v + c*r = -6*v - 6. What is the units digit of v?
1
Suppose 4*m + 4*j = 2*m + 212, -4*j - 8 = 0. What is the units digit of m?
0
Let h(r) = -r**3 + 9*r**2 + 10*r - 1. Let y be h(10). What is the units digit of (-10)/(-1) + 2/y?
8
Suppose 0 = -2*m + 2, 3*i - 2*i + m - 260 = 0. What is the units digit of i?
9
Suppose 0 = 2*o - 6*o - 296. What is the tens digit of o*1/(-2)*1?
3
Let k = -7 - -12. Suppose -17 - 3 = -k*h. Suppose -q + 4*q - 19 = 2*p, -3*p + 14 = h*q. What is the units digit of q?
5
Let o(v) be the third derivative of 1/120*v**6 + 0 - 1/12*v**5 + 5/24*v**4 + 0*v - 1/2*v**3 + 2*v**2. What is the units digit of o(4)?
1
Let z(m) = m - 22. Let g be z(9). Let v = g + 22. What is the units digit of v?
9
Let s(m) = -15*m**3 - m**2 + 2*m - 1. Let i be s(1). What is the tens di